{"id":679,"date":"2024-05-16T16:12:04","date_gmt":"2024-05-16T20:12:04","guid":{"rendered":"https:\/\/auto-fax.ca\/?page_id=679"},"modified":"2026-02-18T14:57:51","modified_gmt":"2026-02-18T19:57:51","slug":"nos-tarifs","status":"publish","type":"page","link":"https:\/\/auto-fax.ca\/fr\/nos-tarifs\/","title":{"rendered":"Nos tarifs"},"content":{"rendered":"","protected":false},"excerpt":{"rendered":"","protected":false},"author":7,"featured_media":0,"parent":0,"menu_order":0,"comment_status":"closed","ping_status":"closed","template":"","meta":{"footnotes":""},"class_list":["post-679","page","type-page","status-publish","hentry","entry"],"yoast_head":"<!-- This site is optimized with the Yoast SEO plugin v24.9 - https:\/\/yoast.com\/wordpress\/plugins\/seo\/ -->\n<title>Nos tarifs - AUTOFAX - Vente, achat et laverie automobile<\/title>\n<meta name=\"robots\" content=\"index, follow, max-snippet:-1, max-image-preview:large, max-video-preview:-1\" \/>\n<link rel=\"canonical\" href=\"https:\/\/auto-fax.ca\/fr\/nos-tarifs\/\" \/>\n<meta property=\"og:locale\" content=\"fr_FR\" \/>\n<meta property=\"og:type\" content=\"article\" \/>\n<meta property=\"og:title\" content=\"Nos tarifs - AUTOFAX - Vente, achat et laverie automobile\" \/>\n<meta property=\"og:url\" content=\"https:\/\/auto-fax.ca\/fr\/nos-tarifs\/\" \/>\n<meta property=\"og:site_name\" content=\"AUTOFAX - Vente, achat et laverie automobile\" \/>\n<meta property=\"article:publisher\" content=\"https:\/\/www.facebook.com\/profile.php?id=61558718946141\" \/>\n<meta property=\"article:modified_time\" content=\"2026-02-18T19:57:51+00:00\" \/>\n<meta property=\"og:image\" content=\"https:\/\/auto-fax.ca\/wp-content\/uploads\/2024\/04\/logo-autofax-laverie-auto-pour-fond-clair.webp\" \/>\n\t<meta property=\"og:image:width\" content=\"450\" \/>\n\t<meta property=\"og:image:height\" content=\"150\" \/>\n\t<meta property=\"og:image:type\" content=\"image\/webp\" \/>\n<meta name=\"twitter:card\" content=\"summary_large_image\" \/>\n<script type=\"application\/ld+json\" class=\"yoast-schema-graph\">{\"@context\":\"https:\/\/schema.org\",\"@graph\":[{\"@type\":\"WebPage\",\"@id\":\"https:\/\/auto-fax.ca\/fr\/nos-tarifs\/\",\"url\":\"https:\/\/auto-fax.ca\/fr\/nos-tarifs\/\",\"name\":\"Nos tarifs - AUTOFAX - Vente, achat et laverie automobile\",\"isPartOf\":{\"@id\":\"https:\/\/auto-fax.ca\/fr\/#website\"},\"datePublished\":\"2024-05-16T20:12:04+00:00\",\"dateModified\":\"2026-02-18T19:57:51+00:00\",\"breadcrumb\":{\"@id\":\"https:\/\/auto-fax.ca\/fr\/nos-tarifs\/#breadcrumb\"},\"inLanguage\":\"fr-FR\",\"potentialAction\":[{\"@type\":\"ReadAction\",\"target\":[\"https:\/\/auto-fax.ca\/fr\/nos-tarifs\/\"]}]},{\"@type\":\"BreadcrumbList\",\"@id\":\"https:\/\/auto-fax.ca\/fr\/nos-tarifs\/#breadcrumb\",\"itemListElement\":[{\"@type\":\"ListItem\",\"position\":1,\"name\":\"Accueil\",\"item\":\"https:\/\/auto-fax.ca\/\"},{\"@type\":\"ListItem\",\"position\":2,\"name\":\"Nos tarifs\"}]},{\"@type\":\"WebSite\",\"@id\":\"https:\/\/auto-fax.ca\/fr\/#website\",\"url\":\"https:\/\/auto-fax.ca\/fr\/\",\"name\":\"AUTOFAX - Vente, achat et laverie automobile \u00e0 Verdun\",\"description\":\"Le sp\u00e9cialiste de la vente, l&#039;achat et la laverie de v\u00e9hicules \u00e0 Montr\u00e9al\",\"publisher\":{\"@id\":\"https:\/\/auto-fax.ca\/fr\/#organization\"},\"alternateName\":\"AUTOFAX - Vente, achat et laverie automobile \u00e0 Verdun\",\"potentialAction\":[{\"@type\":\"SearchAction\",\"target\":{\"@type\":\"EntryPoint\",\"urlTemplate\":\"https:\/\/auto-fax.ca\/fr\/?s={search_term_string}\"},\"query-input\":{\"@type\":\"PropertyValueSpecification\",\"valueRequired\":true,\"valueName\":\"search_term_string\"}}],\"inLanguage\":\"fr-FR\"},{\"@type\":\"Organization\",\"@id\":\"https:\/\/auto-fax.ca\/fr\/#organization\",\"name\":\"AUTOFAX - Vente, achat et laverie automobile \u00e0 Verdun\",\"alternateName\":\"AUTOFAX - Vente, achat et laverie automobile \u00e0 Verdun\",\"url\":\"https:\/\/auto-fax.ca\/fr\/\",\"logo\":{\"@type\":\"ImageObject\",\"inLanguage\":\"fr-FR\",\"@id\":\"https:\/\/auto-fax.ca\/fr\/#\/schema\/logo\/image\/\",\"url\":\"https:\/\/auto-fax.ca\/wp-content\/uploads\/2024\/04\/logo-autofax-laverie-auto-pour-fond-clair.webp\",\"contentUrl\":\"https:\/\/auto-fax.ca\/wp-content\/uploads\/2024\/04\/logo-autofax-laverie-auto-pour-fond-clair.webp\",\"width\":450,\"height\":150,\"caption\":\"AUTOFAX - Vente, achat et laverie automobile \u00e0 Verdun\"},\"image\":{\"@id\":\"https:\/\/auto-fax.ca\/fr\/#\/schema\/logo\/image\/\"},\"sameAs\":[\"https:\/\/www.facebook.com\/profile.php?id=61558718946141\",\"https:\/\/www.instagram.com\/autofax2024\/\",\"https:\/\/www.linkedin.com\/company\/autofax-lave-auto-montreal\/\",\"https:\/\/www.youtube.com\/@Autofax-LaveautoMontreal\",\"https:\/\/www.tiktok.com\/@autofaxlaveauto.montreal\"]}]}<\/script>\n<!-- \/ Yoast SEO plugin. -->","yoast_head_json":{"title":"Nos tarifs - AUTOFAX - Vente, achat et laverie automobile","robots":{"index":"index","follow":"follow","max-snippet":"max-snippet:-1","max-image-preview":"max-image-preview:large","max-video-preview":"max-video-preview:-1"},"canonical":"https:\/\/auto-fax.ca\/fr\/nos-tarifs\/","og_locale":"fr_FR","og_type":"article","og_title":"Nos tarifs - AUTOFAX - Vente, achat et laverie automobile","og_url":"https:\/\/auto-fax.ca\/fr\/nos-tarifs\/","og_site_name":"AUTOFAX - Vente, achat et laverie automobile","article_publisher":"https:\/\/www.facebook.com\/profile.php?id=61558718946141","article_modified_time":"2026-02-18T19:57:51+00:00","og_image":[{"width":450,"height":150,"url":"https:\/\/auto-fax.ca\/wp-content\/uploads\/2024\/04\/logo-autofax-laverie-auto-pour-fond-clair.webp","type":"image\/webp"}],"twitter_card":"summary_large_image","schema":{"@context":"https:\/\/schema.org","@graph":[{"@type":"WebPage","@id":"https:\/\/auto-fax.ca\/fr\/nos-tarifs\/","url":"https:\/\/auto-fax.ca\/fr\/nos-tarifs\/","name":"Nos tarifs - AUTOFAX - Vente, achat et laverie automobile","isPartOf":{"@id":"https:\/\/auto-fax.ca\/fr\/#website"},"datePublished":"2024-05-16T20:12:04+00:00","dateModified":"2026-02-18T19:57:51+00:00","breadcrumb":{"@id":"https:\/\/auto-fax.ca\/fr\/nos-tarifs\/#breadcrumb"},"inLanguage":"fr-FR","potentialAction":[{"@type":"ReadAction","target":["https:\/\/auto-fax.ca\/fr\/nos-tarifs\/"]}]},{"@type":"BreadcrumbList","@id":"https:\/\/auto-fax.ca\/fr\/nos-tarifs\/#breadcrumb","itemListElement":[{"@type":"ListItem","position":1,"name":"Accueil","item":"https:\/\/auto-fax.ca\/"},{"@type":"ListItem","position":2,"name":"Nos tarifs"}]},{"@type":"WebSite","@id":"https:\/\/auto-fax.ca\/fr\/#website","url":"https:\/\/auto-fax.ca\/fr\/","name":"AUTOFAX - Vente, achat et laverie automobile \u00e0 Verdun","description":"Le sp\u00e9cialiste de la vente, l&#039;achat et la laverie de v\u00e9hicules \u00e0 Montr\u00e9al","publisher":{"@id":"https:\/\/auto-fax.ca\/fr\/#organization"},"alternateName":"AUTOFAX - Vente, achat et laverie automobile \u00e0 Verdun","potentialAction":[{"@type":"SearchAction","target":{"@type":"EntryPoint","urlTemplate":"https:\/\/auto-fax.ca\/fr\/?s={search_term_string}"},"query-input":{"@type":"PropertyValueSpecification","valueRequired":true,"valueName":"search_term_string"}}],"inLanguage":"fr-FR"},{"@type":"Organization","@id":"https:\/\/auto-fax.ca\/fr\/#organization","name":"AUTOFAX - Vente, achat et laverie automobile \u00e0 Verdun","alternateName":"AUTOFAX - Vente, achat et laverie automobile \u00e0 Verdun","url":"https:\/\/auto-fax.ca\/fr\/","logo":{"@type":"ImageObject","inLanguage":"fr-FR","@id":"https:\/\/auto-fax.ca\/fr\/#\/schema\/logo\/image\/","url":"https:\/\/auto-fax.ca\/wp-content\/uploads\/2024\/04\/logo-autofax-laverie-auto-pour-fond-clair.webp","contentUrl":"https:\/\/auto-fax.ca\/wp-content\/uploads\/2024\/04\/logo-autofax-laverie-auto-pour-fond-clair.webp","width":450,"height":150,"caption":"AUTOFAX - Vente, achat et laverie automobile \u00e0 Verdun"},"image":{"@id":"https:\/\/auto-fax.ca\/fr\/#\/schema\/logo\/image\/"},"sameAs":["https:\/\/www.facebook.com\/profile.php?id=61558718946141","https:\/\/www.instagram.com\/autofax2024\/","https:\/\/www.linkedin.com\/company\/autofax-lave-auto-montreal\/","https:\/\/www.youtube.com\/@Autofax-LaveautoMontreal","https:\/\/www.tiktok.com\/@autofaxlaveauto.montreal"]}]}},"_links":{"self":[{"href":"https:\/\/auto-fax.ca\/fr\/wp-json\/wp\/v2\/pages\/679","targetHints":{"allow":["GET"]}}],"collection":[{"href":"https:\/\/auto-fax.ca\/fr\/wp-json\/wp\/v2\/pages"}],"about":[{"href":"https:\/\/auto-fax.ca\/fr\/wp-json\/wp\/v2\/types\/page"}],"author":[{"embeddable":true,"href":"https:\/\/auto-fax.ca\/fr\/wp-json\/wp\/v2\/users\/7"}],"replies":[{"embeddable":true,"href":"https:\/\/auto-fax.ca\/fr\/wp-json\/wp\/v2\/comments?post=679"}],"version-history":[{"count":16,"href":"https:\/\/auto-fax.ca\/fr\/wp-json\/wp\/v2\/pages\/679\/revisions"}],"predecessor-version":[{"id":1039,"href":"https:\/\/auto-fax.ca\/fr\/wp-json\/wp\/v2\/pages\/679\/revisions\/1039"}],"wp:attachment":[{"href":"https:\/\/auto-fax.ca\/fr\/wp-json\/wp\/v2\/media?parent=679"}],"curies":[{"name":"wp","href":"https:\/\/api.w.org\/{rel}","templated":true}]}}

<!-- This site is optimized with the Yoast SEO plugin v24.9 - https://yoast.com/wordpress/plugins/seo/ -->
<title>Nos tarifs - AUTOFAX - Vente, achat et laverie automobile</title>
<meta name="robots" content="index, follow, max-snippet:-1, max-image-preview:large, max-video-preview:-1" />
<link rel="canonical" href="https://auto-fax.ca/fr/nos-tarifs/" />
<meta property="og:locale" content="fr_FR" />
<meta property="og:type" content="article" />
<meta property="og:title" content="Nos tarifs - AUTOFAX - Vente, achat et laverie automobile" />
<meta property="og:url" content="https://auto-fax.ca/fr/nos-tarifs/" />
<meta property="og:site_name" content="AUTOFAX - Vente, achat et laverie automobile" />
<meta property="article:publisher" content="https://www.facebook.com/profile.php?id=61558718946141" />
<meta property="article:modified_time" content="2026-02-18T19:57:51+00:00" />
<meta property="og:image" content="https://auto-fax.ca/wp-content/uploads/2024/04/logo-autofax-laverie-auto-pour-fond-clair.webp" />
	<meta property="og:image:width" content="450" />
	<meta property="og:image:height" content="150" />
	<meta property="og:image:type" content="image/webp" />
<meta name="twitter:card" content="summary_large_image" />
<script type="application/ld+json" class="yoast-schema-graph">{"@context":"https://schema.org","@graph":[{"@type":"WebPage","@id":"https://auto-fax.ca/fr/nos-tarifs/","url":"https://auto-fax.ca/fr/nos-tarifs/","name":"Nos tarifs - AUTOFAX - Vente, achat et laverie automobile","isPartOf":{"@id":"https://auto-fax.ca/fr/#website"},"datePublished":"2024-05-16T20:12:04+00:00","dateModified":"2026-02-18T19:57:51+00:00","breadcrumb":{"@id":"https://auto-fax.ca/fr/nos-tarifs/#breadcrumb"},"inLanguage":"fr-FR","potentialAction":[{"@type":"ReadAction","target":["https://auto-fax.ca/fr/nos-tarifs/"]}]},{"@type":"BreadcrumbList","@id":"https://auto-fax.ca/fr/nos-tarifs/#breadcrumb","itemListElement":[{"@type":"ListItem","position":1,"name":"Accueil","item":"https://auto-fax.ca/"},{"@type":"ListItem","position":2,"name":"Nos tarifs"}]},{"@type":"WebSite","@id":"https://auto-fax.ca/fr/#website","url":"https://auto-fax.ca/fr/","name":"AUTOFAX - Vente, achat et laverie automobile à Verdun","description":"Le spécialiste de la vente, l&#039;achat et la laverie de véhicules à Montréal","publisher":{"@id":"https://auto-fax.ca/fr/#organization"},"alternateName":"AUTOFAX - Vente, achat et laverie automobile à Verdun","potentialAction":[{"@type":"SearchAction","target":{"@type":"EntryPoint","urlTemplate":"https://auto-fax.ca/fr/?s={search_term_string}"},"query-input":{"@type":"PropertyValueSpecification","valueRequired":true,"valueName":"search_term_string"}}],"inLanguage":"fr-FR"},{"@type":"Organization","@id":"https://auto-fax.ca/fr/#organization","name":"AUTOFAX - Vente, achat et laverie automobile à Verdun","alternateName":"AUTOFAX - Vente, achat et laverie automobile à Verdun","url":"https://auto-fax.ca/fr/","logo":{"@type":"ImageObject","inLanguage":"fr-FR","@id":"https://auto-fax.ca/fr/#/schema/logo/image/","url":"https://auto-fax.ca/wp-content/uploads/2024/04/logo-autofax-laverie-auto-pour-fond-clair.webp","contentUrl":"https://auto-fax.ca/wp-content/uploads/2024/04/logo-autofax-laverie-auto-pour-fond-clair.webp","width":450,"height":150,"caption":"AUTOFAX - Vente, achat et laverie automobile à Verdun"},"image":{"@id":"https://auto-fax.ca/fr/#/schema/logo/image/"},"sameAs":["https://www.facebook.com/profile.php?id=61558718946141","https://www.instagram.com/autofax2024/","https://www.linkedin.com/company/autofax-lave-auto-montreal/","https://www.youtube.com/@Autofax-LaveautoMontreal","https://www.tiktok.com/@autofaxlaveauto.montreal"]}]}</script>
<!-- / Yoast SEO plugin. -->

AUTOFAX - Vente, achat et laverie automobile à Verdun

Le spécialiste de la vente, l&#039;achat et la laverie de véhicules à Montréal
